 - (5 - 1)?
2
Evaluate 11 + -8 + (-3 - 1).
-1
Evaluate (-12 - -18) + -16 + 4.
-6
What is -10 + (10 - 5) - -5?
0
What is -1 - (2 - -2 - 6)?
1
What is the value of (-1 + 3 - -6) + -12?
-4
Calculate (3 - 1) + 2 + (13 - 14).
3
Evaluate (0 - 3) + 0 + -1.
-4
57 + -69 - (2 - 10)
-4
What is the value of 3 + -9 + 0 - (-2 - 0)?
-4
-1 + 2 + 0 + -6 + 5
0
4 + (0 - 11) - (1 + -5)
-3
What is (-9 - (-2 + -16)) + -15 + 2?
-4
What is the value of (-1 + 3 - 1) + (-11 - -11)?
1
Calculate (1 - (-2 - -1)) + (465 - 465).
2
What is the value of (-7 + 2 + 3 - -2) + -2?
-2
Calculate -4 - (-3 - (-1 + 1)) - -5.
4
-1 + -3 + 2 + 3 + -5
-4
What is -1 + 2 + (4 + 3 - 12)?
-4
Calculate (16 - 24) + (1 - -3).
-4
Calculate 0 + 0 - -5 - 3 - 0.
2
Evaluate -7 + (-6 + 3 + -4 - -13).
-1
Calculate -7 + 1 + 3 + 9 + -1.
5
Evaluate 11 + 2 + -13 - (-1 - -8).
-7
(-1 - -2 - 1) + (-1 - -6)
5
Evaluate 4 - (5 - (3 + -1)).
1
What is the value of 6 - (9 - -6) - -6?
-3
15 + (-26 - -3) - (-10 - 1)
3
Calculate 1 + 1 + (-7 - -5) + 3.
3
Evaluate 0 + 1 + -1 + 17 + -18.
-1
Evaluate 4 + (1 - 3) + -5.
-3
7 - (-8 - (5 - 14))
6
What is 27 + -23 + 3 + -8?
-1
What is (1 - (-4 - -3)) + 0 + -4?
-2
(8 - 5) + -15 - -7
-5
What is the value of 7 + (-8 + 3 - 1)?
1
What is the value of (-5 - 0) + (0 - (-1 + 2))?
-6
Calculate 4 + (-1 - (2 + 0)).
1
What is (-6 - -1) + -1 + -1 + 3?
-4
Evaluate 0 - (-7 - (8 + -9)).
6
Calculate (1 - 0) + 4 - 2.
3
What is the value of 4 + (1 - -3) + -3 - 6?
-1
What is -2 - -1 - (1 - 0)?
-2
What is -4 + (2 - 10) + 7?
-5
Evaluate -4 - ((3 - 2) + -2).
-3
Calculate 7 + -4 + 6 + -8 - 3.
-2
Evaluate 0 + (-1 - -1) + (5 - 10).
-5
What is the value of -1 + (-13 - -6 - 0)?
-8
What is 4 + -1 - 1 - 6?
-4
-2 - 0 - 2 - (12 - 14)
-2
What is the value of (1 - (1 - 3)) + -8?
-5
Evaluate -6 - -8 - (-8 + 9).
1
Calculate 7 - 19 - -11 - 5.
-6
2 - 4 - (-8 + 6 - 2)
2
What is -14 - -11 - (2 + -9 + 2)?
2
Calculate (-1 - -3 - 4) + 6 - 7.
-3
Calculate -11 + 4 - (0 - 3).
-4
What is 4 - (-12 - -13 - 0)?
3
What is the value of (-1 - (1 + -7)) + (-6 - -2)?
1
What is the value of 3 + (-4 - 1) + (-2 - -11)?
7
What is the value of -3 - (6 - 5) - 0?
-4
Calculate -23 + 30 - (1 + -2 - -3).
5
What is the value of (-4 + 2 - 1) + 4?
1
Calculate (-2 - -1) + (13 - 11).
1
Calculate (12 - 7) + -9 + 2.
-2
What is 0 + 5 + (13 + -7 - 12)?
-1
Evaluate 1 + 1 + (-9 - -6) - 5.
-6
What is the value of -12 + 22 + (-2 - 6)?
2
-1 - -13 - (-124 + 144)
-8
Calculate 13 - (10 - 7 - -10).
0
What is 3 + (0 - ((-1 - -8) + 6))?
-10
What is the value of -4 - (4 + -11) - 5 - 2?
-4
Evaluate -9 + 3 + -1 - (-1 + -11).
5
What is the value of -8 + 2 - (2 + -3 + -1)?
-4
What is the value of (-7 - (-5 - (3 + -6))) + 5?
0
Evaluate -5 - (8 - 8) - -1.
-4
What is the value of (-2 + 4 - (2 - 1)) + -1?
0
What is 0 + (-12 - -11) - (1 + 2)?
-4
What is -2 - 9 - (-140 - -119)?
10
6 - (6 + 0 - (-1 + 3))
2
Evaluate 1 + (8 - (2 - -4)).
3
What is the value of 1 - (-7 + (2 - (1 + -1)))?
6
Calculate 6 - (19 + (-10 - 3)).
0
What is the value of (-24 - -21) + -2 + -2 + 0?
-7
5 + -12 + 6 - -2
1
Evaluate 11 + -4 - (4 - -2).
1
Evaluate (-4 - -1) + 3 + 3.
3
What is the value of -1 - (-2 - (3 - 9))?
-5
What is the value of -1 + (4 - (2 - -2))?
-1
Evaluate (4 - 5) + 4 - (3 + 4).
-4
Evaluate -2 + -6 + 1 + 5 + -3.
-5
Calculate 3 + -14 + 4 - (-14 - -2).
5
Calculate (0 - -1) + (5 - (2 + 1)).
3
What is the value of 7 + (5 - 9 - 3)?
0
Evaluate 68 - 62 - (1 - 0).
5
Calculate 0 - (-4 + 7 - (1 - 1)).
-3
What is the value of -2 - -1 - (-14 - -16)?
-3
What is -2 + (7 - (6 + 2))?
-3
5 - (22 + -16 + (-1 - 0))
0
Calculate -5 + 5 + 2 + -3 + 0.
-1
Evaluate (3 - -1) + -13 - (-5 - -1).
-5
Calculate (-7 - (4 + -11)) + -6.
-6
What is the value of 3 + (8 - 2) - (4 + 0)?
5
Calculate 4 + (-10 - 3) - -15.
6
Calculate 2 + -4 + 11 + -4.
5
Evaluate 0 - (-3 - (4 + -2)).
5
Calculate 1 - (1 - (-5 + 11) - -2).
4
-1 + 2 + -3 + (7 - 6)
-1
What is the value of (1 - 0) + 4 - 10?
-5
Calculate (-3 + -7 - -10) + -1 + -3.
-4
0 + (4 - -6) + -14
-4
What is -11 - -7 - -6 - -5?
7
Calculate 23 + -26 + (6 - 1) - -2.
4
(-2 - 0) + 7 + (-13 - -4)
-4
Evaluate -13 + 2 - (-15 - -10).
-6
What is the value of (21 - 7) + -7 - 11?
-4
What is the value of (-3 + 1 - (0 - 3)) + 4?
5
Calculate -2 + 5 - 5 - -7.
5
Calculate -1 + -5 - (-9 + 6 + 1).
-4
Evaluate -3 - (3 + (-5 - -2)).
-3
Calculate -2 + (-1 - (1 + -3 + 1)).
-2
What is (7 - 25) + (5 - -4)?
-9
-3 - (-8 + (12 - 5))
-2
What is the value of -1 + (7 + -7 - -1)?
0
Calculate (-6 + 11 - -2) + -4.
3
Calculate (1 - 0) + -2 + 0 + 2.
1
-9 - -3 - 0 - (-5 - -3)
-4
Evaluate -3 + -2 + 3 - (5 + -6).
-1
What is the value of (1 - 8) + 4 + 0?
-3
-5 - -3 - (-4 + (3 - -5))
-6
Evaluate -209 + 204 + 1 + 3.
-1
What is the value of -1 + 8 + -7 + 2?
2
-14 + 12 - -19 - (6 - -1)
10
Calculate -2 - (5 - 12) - (7 - 4).
2
Evaluate (2 - 3 - 2) + (3 - 2).
-2
-4 + (-3 - -4) - -1
-2
Calculate 3 + -3 - (-1 - -2 - 2).
1
What is the value of (4 - (1 - -2 - 6)) + -2?
5
What is -7 + (1 - (-8 + 0))?
2
What is the value of -1 + -20 - (165 - 175)?
-11
What is (-13 - -6) + (2 - -2)?
-3
6 - (-5 - -7) - (-2 - -12)
-6
What is the value of -24 + 20 - (1 - (1 - 0))?
-4
What is 2 + -1 - (-3 - -9)?
-5
16 + (2 - (10 + 0)) + 1
9
Evaluate -1 + 1 - (-1 - -6).
-5
-3 + -4 - (9 + -13)
-3
What is (2 - -2) + -7 + -4 + -2?
-9
What is the value of -2 + -4 + (6 - 5)?
-5
Calculate -5 + 7 + 4 + -6 - -3.
3
What is -3 + (9 - -1) + -9?
-2
What is 2 - 7 - (-69 + 59)?
5
Calculate 5 - 3 - (0 + -2).
4
Calculate (-3 - (-3 - -6)) + 3.
-3
What is 0 - -4 - (13 - (-2 + 12))?
1
Calculate (6 - -1 - (2 + 0)) + -13.
-8
What is the value of (-3 - -5) + -10 + 0 + 4?
-4
What is the value of -3 - (-3 - 3) - 6 - -3?
0
Calculate (3 - (3 - -3)) + 5.
2
Evaluate 7 - 12 - (0 - 1 - 0).
-4
What is 1 + -6 - (28 + -27)?
-6
(1 - 0) + -6 - (-14 - -12)
-3
Calculate 4 + -7 + (-5 - -8 - -4).
4
Evaluate 1 - (-7 + -2) - (-2 - -7).
5
What is -5 + (5 - -7) + -4?
3
What is 8 - 2 - (-1 + (-2 - -3))?
6
What is 1 - (-4 - -5 - -1)?
-1
8 + -3 + -5 + 0
0
What is the value of 6 - 2 - -4 - 0?
8
Evaluate -1 - (-8 + 5 + 1).
1
Evaluate (-2 - (1 + -2)) + -6 + 8.
1
Evaluate (-20 - -12) + 1 + 2.
-5
What is -8 - -10 - (0 + 0)?
2
Calculate -16 + 13 - -5 - (2 - 2).
2
Calculate -3 - -2 - (3 - -1).
-5
(1 - 9) + 22 + -7
7
Evaluate 3 - (3 - (3 - (-3 - -3))).
3
What is -15 + 12 + -5 + 1 + 1?
-6
6 + (5 - 10) + 1 + -1
1
Evaluate -4 + (10 - -2) + -9.
-1
3 - 3 - (27 - 24)
-3
2 - (2 - -2) - (-11 - -13)
-4
What is 0 + 0 - ((-34 - -18) + 10)?
6
Calculate -13 + (-20 - -12) - -14.
-7
Calculate 0 + 2 + (3 - 3).
2
4 - (4 - ((-5 - 5) + 7))
-3
What is the value of -8 + 0 + 0 - (-600 + 583)?
9
-7 - -16 - (2 + 2)
5
What is the value of -3 - (-4 + -1 - -5)?
-3
What is -12 - (14 + -38 - -5)?
7
Evaluate 0 + 1 + (12 - 12).
1
Evaluate -1 - (-6 + 6 + 7 + 0).
-8
Evaluate 2 + -3 - (22 - 18).
-5
What is -5 + 3 + 7 + -15 + 8?
-2
Calculate (7 - -6) + -9 - 9.
-5
Calculate -4 + 12 + 2 + -10.
0
Calculate 3 + 10 + (1 + 5 - 13).
6
Evaluate (7 - (0 - -3 - 1)) + -2.
3
(12 - (1 - -2)) + -1
8
Evaluate 16 - (-9 + 17) - 6.
2
What is -4 + (1 - 5) - -6?
-2
Evaluate 90 + -80 - (0 + 11).
-1
What is (2 - 3) + 0 + -4?
-5
Evaluate (2 - 6) + -5 + 4 + 0.
-5
What is (1 - ((13 - 4) + -5)) + 4?
1
Evaluate -3 - ((0 - 3) + -1).
1
3 - (-1 - (-5 + 6))
5
What is 0 - ((-3 - (-3 - -3)) + 10)?
-7
What is -2 + 0 + 3 + -5?
-4
Evaluate -6 - (15 + -10 + -14).
3
Calculate -4 - 3 - (1 + -1 + -2).
-5
Evaluate 4 - 7 - -6 - 7.
-4
Evaluate (-3 - 1) + -3 + 0 + 6.
-1
6 + (-4 - (8 - 10))
4
2 + -5 + (-1 - -4) + -4
-4
Evaluate (3 + -1 - -2) + -6.
-2
Calculate 4 - (-3 - (1 + -3) - -2).
3
5 + (-7 - (1 - 5))
2
Evaluate (4 - 9) + (-1 - -8).
2
What is the value of 1 - 0 - ((2 - 7) + 2)?
4
Calculate (-9 - -2) + 11 + (-4 - -6).
6
Calculate 8 + -5 + -1 - (1 + -2).
3
Calculate (5 - 0) + (-2 - 0 - 0).
3
What is -1 + -1 + 9 + (1 - 9)?
-1
What is -2 + -2 - -5 - 0?
1
What is the value of -29 - -32 - (2 - 4 - -1)?
4
Evaluate 0 - (2 - 3) - (5 - 0).
-4
(0 - (-1 - -1)) + (219 - 222)
-3
Evaluate -1 + (18 - 5 - 6).
6
What is 3 + -7 + 2 + 4?
2
What is -1 - (0 + -4 + 1)?
2
2 - -4 - (-3 - -5)
4
Evaluate -2 + (3 - (1 + 3) - 2).
-5
4 - (1 + (-3 - -3))
3
Evaluate 9 + -5 - (3 - (6 + -3)).
4
What is the value of -50 + 51 + -3 + 9 + 0?
7
Evaluate -1 + (-6 - (-5 + 2)) + 6.
2
What is the value of 1 - (-1